{"id":314,"date":"2016-09-29T21:38:38","date_gmt":"2016-09-30T01:38:38","guid":{"rendered":"http:\/\/www.gillesschetagne.com\/?page_id=314"},"modified":"2020-05-31T12:42:06","modified_gmt":"2020-05-31T16:42:06","slug":"mes-debuts","status":"publish","type":"page","link":"https:\/\/www.gillesschetagne.com\/?page_id=314","title":{"rendered":"Mes D\u00e9buts"},"content":{"rendered":"<p>&nbsp;<\/p>\n<p>C\u2019est en ao\u00fbt 1969 que j\u2019ai eu mon premier contrat professionnel en tant que batteur. J\u2019ai accompagn\u00e9 le chansonnier Pierre L\u00e9tourneau avec Louis-Philippe Pelletier au piano. La premi\u00e8re gig avait lieu \u00e0 La maison du p\u00eacheur \u00e0 Perc\u00e9.<\/p>\n<p>En septembre, j\u2019ai fait mon entr\u00e9e au conservatoire de musique \u00e0 Montr\u00e9al. J\u2019y ai fait des \u00e9tudes \u00e0 temps plein en percussion avec Louis Charbonneau jusqu\u2019en 1974. J\u2019ai obtenu un certificat d\u2019\u00e9tudes sup\u00e9rieures en 73 et finalement un premier Premier prix de percussion en 74.<\/p>\n<p><a href=\"http:\/\/www.gillesschetagne.com\/wp-content\/uploads\/2016\/09\/img_0350-e1475200568185.jpg\"><img loading=\"lazy\" decoding=\"async\" class=\"wp-image-259 alignnone\" src=\"https:\/\/www.gillesschetagne.com\/wp-content\/uploads\/2016\/09\/img_0350-e1475200568185.jpg\" alt=\"img_0350\" width=\"556\" height=\"408\" srcset=\"https:\/\/www.gillesschetagne.com\/wp-content\/uploads\/2016\/09\/img_0350-e1475200568185.jpg 466w, https:\/\/www.gillesschetagne.com\/wp-content\/uploads\/2016\/09\/img_0350-e1475200568185-400x294.jpg 400w, https:\/\/www.gillesschetagne.com\/wp-content\/uploads\/2016\/09\/img_0350-e1475200568185-300x220.jpg 300w\" sizes=\"auto, (max-width: 556px) 100vw, 556px\" \/><\/a><\/p>\n<p><a href=\"http:\/\/www.gillesschetagne.com\/wp-content\/uploads\/2016\/09\/dip_conserve.jpg\"><img loading=\"lazy\" decoding=\"async\" class=\"wp-image-235 alignnone\" src=\"https:\/\/www.gillesschetagne.com\/wp-content\/uploads\/2016\/09\/dip_conserve.jpg\" alt=\"dip_conserve\" width=\"558\" height=\"402\" srcset=\"https:\/\/www.gillesschetagne.com\/wp-content\/uploads\/2016\/09\/dip_conserve.jpg 505w, https:\/\/www.gillesschetagne.com\/wp-content\/uploads\/2016\/09\/dip_conserve-400x288.jpg 400w, https:\/\/www.gillesschetagne.com\/wp-content\/uploads\/2016\/09\/dip_conserve-300x216.jpg 300w\" sizes=\"auto, (max-width: 558px) 100vw, 558px\" \/><\/a><\/p>\n<p>Je devais subvenir \u00e0 mes besoins vitaux. J\u2019ai donc commenc\u00e9 \u00e0 enseigner pour un corps de trompettes qui s\u2019appelait \u00abLes Canadiennes de Montr\u00e9al\u00bb. L\u2019instructeur de trompette \u00e9tait feu Luc-Caron qui avait d\u00e9j\u00e0 une carri\u00e8re de musicien d\u2019amorc\u00e9e et moi, je m\u2019occupais de la section des percussions. Il faisait de la musique de danse les fins de semaine. J\u2019\u00e9tais pay\u00e9 8 dollars pour chaque pratique (en moyenne 3 par semaine) et Pierre L\u00e9tourneau me donnait 50 dollars par spectacle ( en moyenne 1 ou 2 fois par mois et parfois plus). L\u2019appartement me co\u00fbtait 28 dollars par semaine mais on \u00e9tait 5 ou 6 gars qui payaient \u00e7a.<\/p>\n<p>En entrant au Conservatoire, j\u2019ai fait connaissance avec Mathieu L\u00e9ger et Paul Picard qui devinrent vite des alli\u00e9s. Nous n\u2019en avions pas assez des cours qui s\u2019y donnaient. \u00c7a en prenait plus. Paul \u00e9tait un maniaque de jazz. Il \u00e9coutait Max Roach, Mingus et d\u2019autres dont le nom m\u2019\u00e9chappe. Mathieu jouait avec un \u00abband\u00bb qui s\u2019appelait Lasting Weep avec Alain Bergeron, J\u00e9r\u00f4me Langlois et Claude Chapleau. Il m\u2019invitait lors de leurs nombreuses prestations \u00e0 la \u00abGalerie Caf\u00e9\u00bb ou au \u00abColl\u00e8ge Br\u00e9beuf\u00bb comme percussionniste, lui \u00e9tant batteur. Progqu\u00e9bec ont sorti un disque 1971 Lasthing Weep 1969-1971 MPM 18<\/p>\n<p>J\u2019ai aussi connu un guitariste: Andr\u00e9 V\u00e9zina. Celui-ci me fit faire connaissance avec Marc Larochelle lui-m\u00eame guitariste. Son fr\u00e8re Denis \u00e9tait pianiste. Ils avaient besoin d\u2019un batteur pour accompagner Michel Conte (auteur, compositeur, interpr\u00e8te, danseur et chor\u00e9graphe) qui se produisait dans les \u00e9glises. Nous avons fait le tour de la province en plus de faire une tourn\u00e9e en France en 1971. C\u2019est \u00e0 ce moment que mon fils Sylvain est n\u00e9, le 9 f\u00e9vrier 1971 qui \u00e9tait la date o\u00f9 l\u2019on devait revenir mais il y eut un retard. Nous sommes revenus le 11. En arrivant \u00e0 l\u2019a\u00e9roport de Dorval, j\u2019ai saut\u00e9 dans un taxi pour me rendre directement \u00e0 l\u2019h\u00f4pital Christ-Roi de Verdun.<\/p>\n<p>Lors de cette tourn\u00e9e, nous avons rencontr\u00e9 Monique Leyrac \u00e0 Paris et ce fut le d\u00e9but d\u2019une nouvelle association qui nous mena \u00e0 d\u2019autres tourn\u00e9es partout au Qu\u00e9bec et au Canada. Et puis, nous (Marc, Denis et moi) avons particip\u00e9 \u00e0 l\u2019enregistrement d\u2019un 45 tours avec Michel Conte et d\u2019un microsillon avec Monique Leyrac.<\/p>\n<p><a href=\"https:\/\/www.gillesschetagne.com\/wp-content\/uploads\/2016\/09\/img_0354.jpg\"><img loading=\"lazy\" decoding=\"async\" class=\"wp-image-260 alignnone\" src=\"https:\/\/www.gillesschetagne.com\/wp-content\/uploads\/2016\/09\/img_0354-e1475199505176.jpg\" alt=\"img_0354\" width=\"601\" height=\"468\" srcset=\"https:\/\/www.gillesschetagne.com\/wp-content\/uploads\/2016\/09\/img_0354-e1475199505176.jpg 496w, https:\/\/www.gillesschetagne.com\/wp-content\/uploads\/2016\/09\/img_0354-e1475199505176-400x311.jpg 400w, https:\/\/www.gillesschetagne.com\/wp-content\/uploads\/2016\/09\/img_0354-e1475199505176-300x233.jpg 300w\" sizes=\"auto, (max-width: 601px) 100vw, 601px\" \/><\/a><\/p>\n<p>Les autres musiciens que l\u2019on voit avec le visage cach\u00e9 \u00e9taient les gars du groupe mythique \u00ab Vos Voisins \u00bb (feu) Jacques\u2013Perron est entre moi et Denis dans le cadre du haut.<\/p>\n","protected":false},"excerpt":{"rendered":"<p>&nbsp; C\u2019est en ao\u00fbt 1969 que j\u2019ai eu mon premier contrat professionnel en tant que batteur. J\u2019ai accompagn\u00e9 le chansonnier Pierre L\u00e9tourneau avec Louis-Philippe Pelletier au piano. La premi\u00e8re gig avait lieu \u00e0 La maison du p\u00eacheur \u00e0 Perc\u00e9. En septembre, j\u2019ai fait mon entr\u00e9e au conservatoire de musique \u00e0 Montr\u00e9al. J\u2019y ai fait des [&hellip;]<\/p>\n","protected":false},"author":1,"featured_media":0,"parent":0,"menu_order":0,"comment_status":"closed","ping_status":"closed","template":"template-fullwidth.php","meta":{"slim_seo":{"title":"Mes D\u00e9buts - Le site officiel de Gilles Schetagne","description":"&nbsp; C\u2019est en ao\u00fbt 1969 que j\u2019ai eu mon premier contrat professionnel en tant que batteur. J\u2019ai accompagn\u00e9 le chansonnier Pierre L\u00e9tourneau avec Louis-Philipp"},"footnotes":""},"class_list":["post-314","page","type-page","status-publish","hentry"],"_links":{"self":[{"href":"https:\/\/www.gillesschetagne.com\/index.php?rest_route=\/wp\/v2\/pages\/314","targetHints":{"allow":["GET"]}}],"collection":[{"href":"https:\/\/www.gillesschetagne.com\/index.php?rest_route=\/wp\/v2\/pages"}],"about":[{"href":"https:\/\/www.gillesschetagne.com\/index.php?rest_route=\/wp\/v2\/types\/page"}],"author":[{"embeddable":true,"href":"https:\/\/www.gillesschetagne.com\/index.php?rest_route=\/wp\/v2\/users\/1"}],"replies":[{"embeddable":true,"href":"https:\/\/www.gillesschetagne.com\/index.php?rest_route=%2Fwp%2Fv2%2Fcomments&post=314"}],"version-history":[{"count":9,"href":"https:\/\/www.gillesschetagne.com\/index.php?rest_route=\/wp\/v2\/pages\/314\/revisions"}],"predecessor-version":[{"id":842,"href":"https:\/\/www.gillesschetagne.com\/index.php?rest_route=\/wp\/v2\/pages\/314\/revisions\/842"}],"wp:attachment":[{"href":"https:\/\/www.gillesschetagne.com\/index.php?rest_route=%2Fwp%2Fv2%2Fmedia&parent=314"}],"curies":[{"name":"wp","href":"https:\/\/api.w.org\/{rel}","templated":true}]}}

Mes Débuts

<p>&nbsp;</p>
<p>C’est en août 1969 que j’ai eu mon premier contrat professionnel en tant que batteur. J’ai accompagné le chansonnier Pierre Létourneau avec Louis-Philippe Pelletier au piano. La première gig avait lieu à La maison du pêcheur à Percé.</p>
<p>En septembre, j’ai fait mon entrée au conservatoire de musique à Montréal. J’y ai fait des études à temps plein en percussion avec Louis Charbonneau jusqu’en 1974. J’ai obtenu un certificat d’études supérieures en 73 et finalement un premier Premier prix de percussion en 74.</p>
<p><a href="http://www.gillesschetagne.com/wp-content/uploads/2016/09/img_0350-e1475200568185.jpg"><img loading="lazy" decoding="async" class="wp-image-259 alignnone" src="https://www.gillesschetagne.com/wp-content/uploads/2016/09/img_0350-e1475200568185.jpg" alt="img_0350" width="556" height="408" srcset="https://www.gillesschetagne.com/wp-content/uploads/2016/09/img_0350-e1475200568185.jpg 466w, https://www.gillesschetagne.com/wp-content/uploads/2016/09/img_0350-e1475200568185-400x294.jpg 400w, https://www.gillesschetagne.com/wp-content/uploads/2016/09/img_0350-e1475200568185-300x220.jpg 300w" sizes="auto, (max-width: 556px) 100vw, 556px" /></a></p>
<p><a href="http://www.gillesschetagne.com/wp-content/uploads/2016/09/dip_conserve.jpg"><img loading="lazy" decoding="async" class="wp-image-235 alignnone" src="https://www.gillesschetagne.com/wp-content/uploads/2016/09/dip_conserve.jpg" alt="dip_conserve" width="558" height="402" srcset="https://www.gillesschetagne.com/wp-content/uploads/2016/09/dip_conserve.jpg 505w, https://www.gillesschetagne.com/wp-content/uploads/2016/09/dip_conserve-400x288.jpg 400w, https://www.gillesschetagne.com/wp-content/uploads/2016/09/dip_conserve-300x216.jpg 300w" sizes="auto, (max-width: 558px) 100vw, 558px" /></a></p>
<p>Je devais subvenir à mes besoins vitaux. J’ai donc commencé à enseigner pour un corps de trompettes qui s’appelait «Les Canadiennes de Montréal». L’instructeur de trompette était feu Luc-Caron qui avait déjà une carrière de musicien d’amorcée et moi, je m’occupais de la section des percussions. Il faisait de la musique de danse les fins de semaine. J’étais payé 8 dollars pour chaque pratique (en moyenne 3 par semaine) et Pierre Létourneau me donnait 50 dollars par spectacle ( en moyenne 1 ou 2 fois par mois et parfois plus). L’appartement me coûtait 28 dollars par semaine mais on était 5 ou 6 gars qui payaient ça.</p>
<p>En entrant au Conservatoire, j’ai fait connaissance avec Mathieu Léger et Paul Picard qui devinrent vite des alliés. Nous n’en avions pas assez des cours qui s’y donnaient. Ça en prenait plus. Paul était un maniaque de jazz. Il écoutait Max Roach, Mingus et d’autres dont le nom m’échappe. Mathieu jouait avec un «band» qui s’appelait Lasting Weep avec Alain Bergeron, Jérôme Langlois et Claude Chapleau. Il m’invitait lors de leurs nombreuses prestations à la «Galerie Café» ou au «Collège Brébeuf» comme percussionniste, lui étant batteur. Progquébec ont sorti un disque 1971 Lasthing Weep 1969-1971 MPM 18</p>
<p>J’ai aussi connu un guitariste: André Vézina. Celui-ci me fit faire connaissance avec Marc Larochelle lui-même guitariste. Son frère Denis était pianiste. Ils avaient besoin d’un batteur pour accompagner Michel Conte (auteur, compositeur, interprète, danseur et chorégraphe) qui se produisait dans les églises. Nous avons fait le tour de la province en plus de faire une tournée en France en 1971. C’est à ce moment que mon fils Sylvain est né, le 9 février 1971 qui était la date où l’on devait revenir mais il y eut un retard. Nous sommes revenus le 11. En arrivant à l’aéroport de Dorval, j’ai sauté dans un taxi pour me rendre directement à l’hôpital Christ-Roi de Verdun.</p>
<p>Lors de cette tournée, nous avons rencontré Monique Leyrac à Paris et ce fut le début d’une nouvelle association qui nous mena à d’autres tournées partout au Québec et au Canada. Et puis, nous (Marc, Denis et moi) avons participé à l’enregistrement d’un 45 tours avec Michel Conte et d’un microsillon avec Monique Leyrac.</p>
<p><a href="https://www.gillesschetagne.com/wp-content/uploads/2016/09/img_0354.jpg"><img loading="lazy" decoding="async" class="wp-image-260 alignnone" src="https://www.gillesschetagne.com/wp-content/uploads/2016/09/img_0354-e1475199505176.jpg" alt="img_0354" width="601" height="468" srcset="https://www.gillesschetagne.com/wp-content/uploads/2016/09/img_0354-e1475199505176.jpg 496w, https://www.gillesschetagne.com/wp-content/uploads/2016/09/img_0354-e1475199505176-400x311.jpg 400w, https://www.gillesschetagne.com/wp-content/uploads/2016/09/img_0354-e1475199505176-300x233.jpg 300w" sizes="auto, (max-width: 601px) 100vw, 601px" /></a></p>
<p>Les autres musiciens que l’on voit avec le visage caché étaient les gars du groupe mythique « Vos Voisins » (feu) Jacques–Perron est entre moi et Denis dans le cadre du haut.</p>

<p>&nbsp; C’est en août 1969 que j’ai eu mon premier contrat professionnel en tant que batteur. J’ai accompagné le chansonnier Pierre Létourneau avec Louis-Philippe Pelletier au piano. La première gig avait lieu à La maison du pêcheur à Percé. En septembre, j’ai fait mon entrée au conservatoire de musique à Montréal. J’y ai fait des [&hellip;]</p>

Mes Débuts - Le site officiel de Gilles Schetagne

&nbsp; C’est en août 1969 que j’ai eu mon premier contrat professionnel en tant que batteur. J’ai accompagné le chansonnier Pierre Létourneau avec Louis-Philipp
