{"id":409,"date":"2016-10-04T20:27:55","date_gmt":"2016-10-05T00:27:55","guid":{"rendered":"http:\/\/www.gillesschetagne.com\/?page_id=409"},"modified":"2020-05-31T12:33:53","modified_gmt":"2020-05-31T16:33:53","slug":"schetagne","status":"publish","type":"page","link":"https:\/\/www.gillesschetagne.com\/?page_id=409","title":{"rendered":"Schetagne"},"content":{"rendered":"<p>&nbsp;<\/p>\n<p>En 1988, ann\u00e9e qui pr\u00e9c\u00e8de mes d\u00e9buts dans l\u2019enseignement, j\u2019avais form\u00e9 un groupe qui s\u2019appellera \u00ab SCHETAGNE \u00bb. Oui, c\u2019est curieux d\u2019appeler un groupe par le nom de famille d\u2019une personne mais, comme j\u2019en avais marre de toujours recommencer, je m\u2019\u00e9tais dit qu\u2019en prenant mon nom de famille qui sonne un peu percussif, \u00e7a serait final.<\/p>\n<p>Nous jouions toutes mes compositions musicales. Et comme l\u2019approche \u00e9tait plus comme un groupe plut\u00f4t qu\u2019un artiste accompagn\u00e9 de musiciens, il y avait beaucoup de place pour chacun des membres du groupe.<\/p>\n<p>Jusqu\u2019en 1992, nous avons jou\u00e9 \u00e0 diff\u00e9rents endroits comme \u00e0 \u00ab L\u2019Odyss\u00e9e \u00bb de Trois-Rivi\u00e8res, au Club Soda, au Centre culturel de Ch\u00e2teauguay, au Jailhouse Rock, au Grand Caf\u00e9, \u00e0 L\u2019air du temps, au CEGEP Saint-Laurent.<\/p>\n<p><a href=\"http:\/\/www.gillesschetagne.com\/wp-content\/uploads\/2016\/09\/affiche2.jpg\"><img loading=\"lazy\" decoding=\"async\" class=\"size-full wp-image-222 aligncenter\" src=\"https:\/\/www.gillesschetagne.com\/wp-content\/uploads\/2016\/09\/affiche2.jpg\" alt=\"affiche2\" width=\"490\" height=\"726\" srcset=\"https:\/\/www.gillesschetagne.com\/wp-content\/uploads\/2016\/09\/affiche2.jpg 490w, https:\/\/www.gillesschetagne.com\/wp-content\/uploads\/2016\/09\/affiche2-400x593.jpg 400w, https:\/\/www.gillesschetagne.com\/wp-content\/uploads\/2016\/09\/affiche2-202x300.jpg 202w\" sizes=\"auto, (max-width: 490px) 100vw, 490px\" \/><\/a><a href=\"http:\/\/www.gillesschetagne.com\/wp-content\/uploads\/2016\/10\/airdutempscomposite.jpg\"><img loading=\"lazy\" decoding=\"async\" class=\"size-full wp-image-415 aligncenter\" src=\"https:\/\/www.gillesschetagne.com\/wp-content\/uploads\/2016\/10\/airdutempscomposite.jpg\" alt=\"airdutempscomposite\" width=\"722\" height=\"322\" srcset=\"https:\/\/www.gillesschetagne.com\/wp-content\/uploads\/2016\/10\/airdutempscomposite.jpg 722w, https:\/\/www.gillesschetagne.com\/wp-content\/uploads\/2016\/10\/airdutempscomposite-400x178.jpg 400w, https:\/\/www.gillesschetagne.com\/wp-content\/uploads\/2016\/10\/airdutempscomposite-600x268.jpg 600w, https:\/\/www.gillesschetagne.com\/wp-content\/uploads\/2016\/10\/airdutempscomposite-300x134.jpg 300w\" sizes=\"auto, (max-width: 722px) 100vw, 722px\" \/><\/a><a href=\"http:\/\/www.gillesschetagne.com\/wp-content\/uploads\/2016\/09\/revuedrums715x884.jpg\"><img loading=\"lazy\" decoding=\"async\" class=\"wp-image-295 size-full aligncenter\" src=\"https:\/\/www.gillesschetagne.com\/wp-content\/uploads\/2016\/09\/revuedrums715x884.jpg\" alt=\"revuedrums715x884\" width=\"715\" height=\"883\" srcset=\"https:\/\/www.gillesschetagne.com\/wp-content\/uploads\/2016\/09\/revuedrums715x884.jpg 715w, https:\/\/www.gillesschetagne.com\/wp-content\/uploads\/2016\/09\/revuedrums715x884-400x494.jpg 400w, https:\/\/www.gillesschetagne.com\/wp-content\/uploads\/2016\/09\/revuedrums715x884-600x741.jpg 600w, https:\/\/www.gillesschetagne.com\/wp-content\/uploads\/2016\/09\/revuedrums715x884-243x300.jpg 243w\" sizes=\"auto, (max-width: 715px) 100vw, 715px\" \/><\/a><\/p>\n<p style=\"text-align: center;\">Article dans la revue Le Musicien Qu\u00e9b\u00e9cois en 1992<\/p>\n<p style=\"text-align: center;\"><a href=\"http:\/\/www.gillesschetagne.com\/wp-content\/uploads\/2016\/09\/journal3.jpg\"><img loading=\"lazy\" decoding=\"async\" class=\"size-full wp-image-266 aligncenter\" src=\"https:\/\/www.gillesschetagne.com\/wp-content\/uploads\/2016\/09\/journal3.jpg\" alt=\"journal3\" width=\"403\" height=\"1041\" srcset=\"https:\/\/www.gillesschetagne.com\/wp-content\/uploads\/2016\/09\/journal3.jpg 403w, https:\/\/www.gillesschetagne.com\/wp-content\/uploads\/2016\/09\/journal3-400x1033.jpg 400w, https:\/\/www.gillesschetagne.com\/wp-content\/uploads\/2016\/09\/journal3-116x300.jpg 116w, https:\/\/www.gillesschetagne.com\/wp-content\/uploads\/2016\/09\/journal3-396x1024.jpg 396w\" sizes=\"auto, (max-width: 403px) 100vw, 403px\" \/><\/a><a href=\"http:\/\/www.gillesschetagne.com\/wp-content\/uploads\/2016\/09\/schetagne2.jpg\"><img loading=\"lazy\" decoding=\"async\" class=\"size-full wp-image-298 aligncenter\" src=\"https:\/\/www.gillesschetagne.com\/wp-content\/uploads\/2016\/09\/schetagne2.jpg\" alt=\"schetagne2\" width=\"473\" height=\"626\" srcset=\"https:\/\/www.gillesschetagne.com\/wp-content\/uploads\/2016\/09\/schetagne2.jpg 473w, https:\/\/www.gillesschetagne.com\/wp-content\/uploads\/2016\/09\/schetagne2-400x529.jpg 400w, https:\/\/www.gillesschetagne.com\/wp-content\/uploads\/2016\/09\/schetagne2-227x300.jpg 227w\" sizes=\"auto, (max-width: 473px) 100vw, 473px\" \/><\/a>\u00c0 l\u2019occasion, nous \u00e9tions quatre musiciens&#8230;<\/p>\n<p style=\"text-align: center;\"><a href=\"http:\/\/www.gillesschetagne.com\/wp-content\/uploads\/2016\/09\/schetagnegroup.jpg\"><img loading=\"lazy\" decoding=\"async\" class=\"size-full wp-image-299 aligncenter\" src=\"https:\/\/www.gillesschetagne.com\/wp-content\/uploads\/2016\/09\/schetagnegroup.jpg\" alt=\"schetagnegroup\" width=\"617\" height=\"309\" srcset=\"https:\/\/www.gillesschetagne.com\/wp-content\/uploads\/2016\/09\/schetagnegroup.jpg 617w, https:\/\/www.gillesschetagne.com\/wp-content\/uploads\/2016\/09\/schetagnegroup-400x200.jpg 400w, https:\/\/www.gillesschetagne.com\/wp-content\/uploads\/2016\/09\/schetagnegroup-600x300.jpg 600w, https:\/\/www.gillesschetagne.com\/wp-content\/uploads\/2016\/09\/schetagnegroup-300x150.jpg 300w\" sizes=\"auto, (max-width: 617px) 100vw, 617px\" \/><\/a>Quelques fois 5 musiciens et le plus souvent possible 6.<\/p>\n<p>&nbsp;<\/p>\n<p style=\"text-align: center;\"><a href=\"http:\/\/www.gillesschetagne.com\/wp-content\/uploads\/2016\/09\/2014-03-02-6.jpg\"><img loading=\"lazy\" decoding=\"async\" class=\"size-full wp-image-217 aligncenter\" src=\"https:\/\/www.gillesschetagne.com\/wp-content\/uploads\/2016\/09\/2014-03-02-6.jpg\" alt=\"2014-03-02-6\" width=\"482\" height=\"638\" srcset=\"https:\/\/www.gillesschetagne.com\/wp-content\/uploads\/2016\/09\/2014-03-02-6.jpg 482w, https:\/\/www.gillesschetagne.com\/wp-content\/uploads\/2016\/09\/2014-03-02-6-400x529.jpg 400w, https:\/\/www.gillesschetagne.com\/wp-content\/uploads\/2016\/09\/2014-03-02-6-227x300.jpg 227w\" sizes=\"auto, (max-width: 482px) 100vw, 482px\" \/><\/a><span style=\"color: #993300;\">Trois-Rivi\u00e8res<\/span><\/p>\n<p style=\"text-align: center;\"><a href=\"http:\/\/www.gillesschetagne.com\/wp-content\/uploads\/2016\/09\/2014-03-02-7.jpg\"><img loading=\"lazy\" decoding=\"async\" class=\"size-full wp-image-218 aligncenter\" src=\"https:\/\/www.gillesschetagne.com\/wp-content\/uploads\/2016\/09\/2014-03-02-7.jpg\" alt=\"2014-03-02-7\" width=\"278\" height=\"536\" srcset=\"https:\/\/www.gillesschetagne.com\/wp-content\/uploads\/2016\/09\/2014-03-02-7.jpg 278w, https:\/\/www.gillesschetagne.com\/wp-content\/uploads\/2016\/09\/2014-03-02-7-100x193.jpg 100w, https:\/\/www.gillesschetagne.com\/wp-content\/uploads\/2016\/09\/2014-03-02-7-156x300.jpg 156w\" sizes=\"auto, (max-width: 278px) 100vw, 278px\" \/><\/a><span style=\"color: #993300;\">Club Soda, Montr\u00e9al<\/span><\/p>\n<p style=\"text-align: center;\"><a href=\"http:\/\/www.gillesschetagne.com\/wp-content\/uploads\/2016\/09\/specculture.jpg\"><img loading=\"lazy\" decoding=\"async\" class=\"size-full wp-image-302 aligncenter\" src=\"https:\/\/www.gillesschetagne.com\/wp-content\/uploads\/2016\/09\/specculture.jpg\" alt=\"specculture\" width=\"325\" height=\"894\" srcset=\"https:\/\/www.gillesschetagne.com\/wp-content\/uploads\/2016\/09\/specculture.jpg 325w, https:\/\/www.gillesschetagne.com\/wp-content\/uploads\/2016\/09\/specculture-100x275.jpg 100w, https:\/\/www.gillesschetagne.com\/wp-content\/uploads\/2016\/09\/specculture-109x300.jpg 109w\" sizes=\"auto, (max-width: 325px) 100vw, 325px\" \/><\/a><span style=\"color: #993300;\">Centre Culturel de Ch\u00e2teauguay<\/span><\/p>\n<p>&nbsp;<\/p>\n<p>&nbsp;<\/p>\n<p>Nous avions enregistr\u00e9 un album qui est disponible ici dans la section achat.<\/p>\n","protected":false},"excerpt":{"rendered":"<p>&nbsp; En 1988, ann\u00e9e qui pr\u00e9c\u00e8de mes d\u00e9buts dans l\u2019enseignement, j\u2019avais form\u00e9 un groupe qui s\u2019appellera \u00ab SCHETAGNE \u00bb. Oui, c\u2019est curieux d\u2019appeler un groupe par le nom de famille d\u2019une personne mais, comme j\u2019en avais marre de toujours recommencer, je m\u2019\u00e9tais dit qu\u2019en prenant mon nom de famille qui sonne un peu percussif, \u00e7a [&hellip;]<\/p>\n","protected":false},"author":1,"featured_media":0,"parent":0,"menu_order":0,"comment_status":"closed","ping_status":"closed","template":"template-fullwidth.php","meta":{"slim_seo":{"title":"Schetagne - Le site officiel de Gilles Schetagne","description":"&nbsp; En 1988, ann\u00e9e qui pr\u00e9c\u00e8de mes d\u00e9buts dans l\u2019enseignement, j\u2019avais form\u00e9 un groupe qui s\u2019appellera \u00ab SCHETAGNE \u00bb. Oui, c\u2019est curieux d\u2019appeler un groupe"},"footnotes":""},"class_list":["post-409","page","type-page","status-publish","hentry"],"_links":{"self":[{"href":"https:\/\/www.gillesschetagne.com\/index.php?rest_route=\/wp\/v2\/pages\/409","targetHints":{"allow":["GET"]}}],"collection":[{"href":"https:\/\/www.gillesschetagne.com\/index.php?rest_route=\/wp\/v2\/pages"}],"about":[{"href":"https:\/\/www.gillesschetagne.com\/index.php?rest_route=\/wp\/v2\/types\/page"}],"author":[{"embeddable":true,"href":"https:\/\/www.gillesschetagne.com\/index.php?rest_route=\/wp\/v2\/users\/1"}],"replies":[{"embeddable":true,"href":"https:\/\/www.gillesschetagne.com\/index.php?rest_route=%2Fwp%2Fv2%2Fcomments&post=409"}],"version-history":[{"count":11,"href":"https:\/\/www.gillesschetagne.com\/index.php?rest_route=\/wp\/v2\/pages\/409\/revisions"}],"predecessor-version":[{"id":829,"href":"https:\/\/www.gillesschetagne.com\/index.php?rest_route=\/wp\/v2\/pages\/409\/revisions\/829"}],"wp:attachment":[{"href":"https:\/\/www.gillesschetagne.com\/index.php?rest_route=%2Fwp%2Fv2%2Fmedia&parent=409"}],"curies":[{"name":"wp","href":"https:\/\/api.w.org\/{rel}","templated":true}]}}