{"id":499,"date":"2016-10-09T22:07:59","date_gmt":"2016-10-10T02:07:59","guid":{"rendered":"http:\/\/www.gillesschetagne.com\/?page_id=499"},"modified":"2020-05-31T12:35:42","modified_gmt":"2020-05-31T16:35:42","slug":"recompenses","status":"publish","type":"page","link":"https:\/\/www.gillesschetagne.com\/?page_id=499","title":{"rendered":"R\u00e9compenses"},"content":{"rendered":"<p>&nbsp;<\/p>\n<p style=\"text-align: center;\">2004 Invit\u00e9 d\u2019honneur en tant que membre du groupe Maneige au FIJM pour le lancement de la<\/p>\n<p style=\"text-align: center;\">programmation du festival lors du spectacle de Tony Bennett \u00e0 La Place des Arts.<\/p>\n<p>&nbsp;<\/p>\n<p style=\"text-align: center;\">2006 Accept\u00e9 dans L&#8217;Association internationale des drummers traditionnels.<\/p>\n<p><a href=\"http:\/\/www.gillesschetagne.com\/wp-content\/uploads\/2016\/09\/rudimental.jpg\"><img loading=\"lazy\" decoding=\"async\" class=\" wp-image-297 aligncenter\" src=\"https:\/\/www.gillesschetagne.com\/wp-content\/uploads\/2016\/09\/rudimental.jpg\" alt=\"rudimental\" width=\"459\" height=\"510\" srcset=\"https:\/\/www.gillesschetagne.com\/wp-content\/uploads\/2016\/09\/rudimental.jpg 618w, https:\/\/www.gillesschetagne.com\/wp-content\/uploads\/2016\/09\/rudimental-400x444.jpg 400w, https:\/\/www.gillesschetagne.com\/wp-content\/uploads\/2016\/09\/rudimental-600x666.jpg 600w, https:\/\/www.gillesschetagne.com\/wp-content\/uploads\/2016\/09\/rudimental-270x300.jpg 270w\" sizes=\"auto, (max-width: 459px) 100vw, 459px\" \/><\/a><a href=\"http:\/\/www.gillesschetagne.com\/wp-content\/uploads\/2016\/09\/img_0344.jpg\"><img loading=\"lazy\" decoding=\"async\" class=\" wp-image-256 aligncenter\" src=\"https:\/\/www.gillesschetagne.com\/wp-content\/uploads\/2016\/09\/img_0344.jpg\" alt=\"img_0344\" width=\"594\" height=\"584\" srcset=\"https:\/\/www.gillesschetagne.com\/wp-content\/uploads\/2016\/09\/img_0344.jpg 680w, https:\/\/www.gillesschetagne.com\/wp-content\/uploads\/2016\/09\/img_0344-400x394.jpg 400w, https:\/\/www.gillesschetagne.com\/wp-content\/uploads\/2016\/09\/img_0344-600x590.jpg 600w, https:\/\/www.gillesschetagne.com\/wp-content\/uploads\/2016\/09\/img_0344-300x295.jpg 300w\" sizes=\"auto, (max-width: 594px) 100vw, 594px\" \/><\/a><\/p>\n<p>&nbsp;<\/p>\n<p style=\"text-align: center;\">2007 Invit\u00e9 d\u2019honneur au FMPM encore en tant que membre du groupe Maneige (festival de musique progressive de Montr\u00e9al).<\/p>\n<p>&nbsp;<\/p>\n<p style=\"text-align: center;\">En 2002, j\u2019ai eu le bonheur de remporter le championnat qu\u00e9b\u00e9cois de la classe B au snooker&#8230;<\/p>\n<p><a href=\"http:\/\/www.gillesschetagne.com\/wp-content\/uploads\/2016\/09\/championb2003.jpg\"><img loading=\"lazy\" decoding=\"async\" class=\"size-full wp-image-230 aligncenter\" src=\"https:\/\/www.gillesschetagne.com\/wp-content\/uploads\/2016\/09\/championb2003.jpg\" alt=\"championb2003\" width=\"614\" height=\"461\" srcset=\"https:\/\/www.gillesschetagne.com\/wp-content\/uploads\/2016\/09\/championb2003.jpg 614w, https:\/\/www.gillesschetagne.com\/wp-content\/uploads\/2016\/09\/championb2003-400x300.jpg 400w, https:\/\/www.gillesschetagne.com\/wp-content\/uploads\/2016\/09\/championb2003-600x450.jpg 600w, https:\/\/www.gillesschetagne.com\/wp-content\/uploads\/2016\/09\/championb2003-300x225.jpg 300w\" sizes=\"auto, (max-width: 614px) 100vw, 614px\" \/><\/a><a href=\"http:\/\/www.gillesschetagne.com\/wp-content\/uploads\/2016\/09\/gilles2-copy.jpg\"><img loading=\"lazy\" decoding=\"async\" class=\"size-full wp-image-243 aligncenter\" src=\"https:\/\/www.gillesschetagne.com\/wp-content\/uploads\/2016\/09\/gilles2-copy.jpg\" alt=\"gilles2-copy\" width=\"607\" height=\"401\" srcset=\"https:\/\/www.gillesschetagne.com\/wp-content\/uploads\/2016\/09\/gilles2-copy.jpg 607w, https:\/\/www.gillesschetagne.com\/wp-content\/uploads\/2016\/09\/gilles2-copy-400x264.jpg 400w, https:\/\/www.gillesschetagne.com\/wp-content\/uploads\/2016\/09\/gilles2-copy-600x396.jpg 600w, https:\/\/www.gillesschetagne.com\/wp-content\/uploads\/2016\/09\/gilles2-copy-300x198.jpg 300w\" sizes=\"auto, (max-width: 607px) 100vw, 607px\" \/><\/a><\/p>\n<p>&nbsp;<\/p>\n<p style=\"text-align: center;\">Durant une partie de 2015, j&#8217;ai suivi un cours en ligne pour parfaire mes connaissances en audio.<\/p>\n<p style=\"text-align: center;\">Cette exp\u00e9rience m&#8217;a donn\u00e9 beaucoup de confiance pour parfaire mes enregistrements.<\/p>\n<p style=\"text-align: center;\"><a href=\"http:\/\/www.gillesschetagne.com\/wp-content\/uploads\/2016\/10\/masterclass-audio.jpg\"><img loading=\"lazy\" decoding=\"async\" class=\"aligncenter wp-image-528\" src=\"https:\/\/www.gillesschetagne.com\/wp-content\/uploads\/2016\/10\/masterclass-audio.jpg\" alt=\"masterclass-audio\" width=\"523\" height=\"720\" srcset=\"https:\/\/www.gillesschetagne.com\/wp-content\/uploads\/2016\/10\/masterclass-audio.jpg 2549w, https:\/\/www.gillesschetagne.com\/wp-content\/uploads\/2016\/10\/masterclass-audio-400x550.jpg 400w, https:\/\/www.gillesschetagne.com\/wp-content\/uploads\/2016\/10\/masterclass-audio-800x1101.jpg 800w, https:\/\/www.gillesschetagne.com\/wp-content\/uploads\/2016\/10\/masterclass-audio-218x300.jpg 218w, https:\/\/www.gillesschetagne.com\/wp-content\/uploads\/2016\/10\/masterclass-audio-768x1057.jpg 768w, https:\/\/www.gillesschetagne.com\/wp-content\/uploads\/2016\/10\/masterclass-audio-744x1024.jpg 744w\" sizes=\"auto, (max-width: 523px) 100vw, 523px\" \/><\/a><\/p>\n","protected":false},"excerpt":{"rendered":"<p>&nbsp; 2004 Invit\u00e9 d\u2019honneur en tant que membre du groupe Maneige au FIJM pour le lancement de la programmation du festival lors du spectacle de Tony Bennett \u00e0 La Place des Arts. &nbsp; 2006 Accept\u00e9 dans L&#8217;Association internationale des drummers traditionnels. &nbsp; 2007 Invit\u00e9 d\u2019honneur au FMPM encore en tant que membre du groupe Maneige [&hellip;]<\/p>\n","protected":false},"author":1,"featured_media":0,"parent":0,"menu_order":0,"comment_status":"closed","ping_status":"closed","template":"template-fullwidth.php","meta":{"slim_seo":{"title":"R\u00e9compenses - Le site officiel de Gilles Schetagne","description":"&nbsp; 2004 Invit\u00e9 d\u2019honneur en tant que membre du groupe Maneige au FIJM pour le lancement de la programmation du festival lors du spectacle de Tony Bennett \u00e0"},"footnotes":""},"class_list":["post-499","page","type-page","status-publish","hentry"],"_links":{"self":[{"href":"https:\/\/www.gillesschetagne.com\/index.php?rest_route=\/wp\/v2\/pages\/499","targetHints":{"allow":["GET"]}}],"collection":[{"href":"https:\/\/www.gillesschetagne.com\/index.php?rest_route=\/wp\/v2\/pages"}],"about":[{"href":"https:\/\/www.gillesschetagne.com\/index.php?rest_route=\/wp\/v2\/types\/page"}],"author":[{"embeddable":true,"href":"https:\/\/www.gillesschetagne.com\/index.php?rest_route=\/wp\/v2\/users\/1"}],"replies":[{"embeddable":true,"href":"https:\/\/www.gillesschetagne.com\/index.php?rest_route=%2Fwp%2Fv2%2Fcomments&post=499"}],"version-history":[{"count":16,"href":"https:\/\/www.gillesschetagne.com\/index.php?rest_route=\/wp\/v2\/pages\/499\/revisions"}],"predecessor-version":[{"id":832,"href":"https:\/\/www.gillesschetagne.com\/index.php?rest_route=\/wp\/v2\/pages\/499\/revisions\/832"}],"wp:attachment":[{"href":"https:\/\/www.gillesschetagne.com\/index.php?rest_route=%2Fwp%2Fv2%2Fmedia&parent=499"}],"curies":[{"name":"wp","href":"https:\/\/api.w.org\/{rel}","templated":true}]}}

Récompenses

<p>&nbsp;</p>
<p style="text-align: center;">2004 Invité d’honneur en tant que membre du groupe Maneige au FIJM pour le lancement de la</p>
<p style="text-align: center;">programmation du festival lors du spectacle de Tony Bennett à La Place des Arts.</p>
<p>&nbsp;</p>
<p style="text-align: center;">2006 Accepté dans L&#8217;Association internationale des drummers traditionnels.</p>
<p><a href="http://www.gillesschetagne.com/wp-content/uploads/2016/09/rudimental.jpg"><img loading="lazy" decoding="async" class=" wp-image-297 aligncenter" src="https://www.gillesschetagne.com/wp-content/uploads/2016/09/rudimental.jpg" alt="rudimental" width="459" height="510" srcset="https://www.gillesschetagne.com/wp-content/uploads/2016/09/rudimental.jpg 618w, https://www.gillesschetagne.com/wp-content/uploads/2016/09/rudimental-400x444.jpg 400w, https://www.gillesschetagne.com/wp-content/uploads/2016/09/rudimental-600x666.jpg 600w, https://www.gillesschetagne.com/wp-content/uploads/2016/09/rudimental-270x300.jpg 270w" sizes="auto, (max-width: 459px) 100vw, 459px" /></a><a href="http://www.gillesschetagne.com/wp-content/uploads/2016/09/img_0344.jpg"><img loading="lazy" decoding="async" class=" wp-image-256 aligncenter" src="https://www.gillesschetagne.com/wp-content/uploads/2016/09/img_0344.jpg" alt="img_0344" width="594" height="584" srcset="https://www.gillesschetagne.com/wp-content/uploads/2016/09/img_0344.jpg 680w, https://www.gillesschetagne.com/wp-content/uploads/2016/09/img_0344-400x394.jpg 400w, https://www.gillesschetagne.com/wp-content/uploads/2016/09/img_0344-600x590.jpg 600w, https://www.gillesschetagne.com/wp-content/uploads/2016/09/img_0344-300x295.jpg 300w" sizes="auto, (max-width: 594px) 100vw, 594px" /></a></p>
<p>&nbsp;</p>
<p style="text-align: center;">2007 Invité d’honneur au FMPM encore en tant que membre du groupe Maneige (festival de musique progressive de Montréal).</p>
<p>&nbsp;</p>
<p style="text-align: center;">En 2002, j’ai eu le bonheur de remporter le championnat québécois de la classe B au snooker&#8230;</p>
<p><a href="http://www.gillesschetagne.com/wp-content/uploads/2016/09/championb2003.jpg"><img loading="lazy" decoding="async" class="size-full wp-image-230 aligncenter" src="https://www.gillesschetagne.com/wp-content/uploads/2016/09/championb2003.jpg" alt="championb2003" width="614" height="461" srcset="https://www.gillesschetagne.com/wp-content/uploads/2016/09/championb2003.jpg 614w, https://www.gillesschetagne.com/wp-content/uploads/2016/09/championb2003-400x300.jpg 400w, https://www.gillesschetagne.com/wp-content/uploads/2016/09/championb2003-600x450.jpg 600w, https://www.gillesschetagne.com/wp-content/uploads/2016/09/championb2003-300x225.jpg 300w" sizes="auto, (max-width: 614px) 100vw, 614px" /></a><a href="http://www.gillesschetagne.com/wp-content/uploads/2016/09/gilles2-copy.jpg"><img loading="lazy" decoding="async" class="size-full wp-image-243 aligncenter" src="https://www.gillesschetagne.com/wp-content/uploads/2016/09/gilles2-copy.jpg" alt="gilles2-copy" width="607" height="401" srcset="https://www.gillesschetagne.com/wp-content/uploads/2016/09/gilles2-copy.jpg 607w, https://www.gillesschetagne.com/wp-content/uploads/2016/09/gilles2-copy-400x264.jpg 400w, https://www.gillesschetagne.com/wp-content/uploads/2016/09/gilles2-copy-600x396.jpg 600w, https://www.gillesschetagne.com/wp-content/uploads/2016/09/gilles2-copy-300x198.jpg 300w" sizes="auto, (max-width: 607px) 100vw, 607px" /></a></p>
<p>&nbsp;</p>
<p style="text-align: center;">Durant une partie de 2015, j&#8217;ai suivi un cours en ligne pour parfaire mes connaissances en audio.</p>
<p style="text-align: center;">Cette expérience m&#8217;a donné beaucoup de confiance pour parfaire mes enregistrements.</p>
<p style="text-align: center;"><a href="http://www.gillesschetagne.com/wp-content/uploads/2016/10/masterclass-audio.jpg"><img loading="lazy" decoding="async" class="aligncenter wp-image-528" src="https://www.gillesschetagne.com/wp-content/uploads/2016/10/masterclass-audio.jpg" alt="masterclass-audio" width="523" height="720" srcset="https://www.gillesschetagne.com/wp-content/uploads/2016/10/masterclass-audio.jpg 2549w, https://www.gillesschetagne.com/wp-content/uploads/2016/10/masterclass-audio-400x550.jpg 400w, https://www.gillesschetagne.com/wp-content/uploads/2016/10/masterclass-audio-800x1101.jpg 800w, https://www.gillesschetagne.com/wp-content/uploads/2016/10/masterclass-audio-218x300.jpg 218w, https://www.gillesschetagne.com/wp-content/uploads/2016/10/masterclass-audio-768x1057.jpg 768w, https://www.gillesschetagne.com/wp-content/uploads/2016/10/masterclass-audio-744x1024.jpg 744w" sizes="auto, (max-width: 523px) 100vw, 523px" /></a></p>

<p>&nbsp; 2004 Invité d’honneur en tant que membre du groupe Maneige au FIJM pour le lancement de la programmation du festival lors du spectacle de Tony Bennett à La Place des Arts. &nbsp; 2006 Accepté dans L&#8217;Association internationale des drummers traditionnels. &nbsp; 2007 Invité d’honneur au FMPM encore en tant que membre du groupe Maneige [&hellip;]</p>

Récompenses - Le site officiel de Gilles Schetagne

&nbsp; 2004 Invité d’honneur en tant que membre du groupe Maneige au FIJM pour le lancement de la programmation du festival lors du spectacle de Tony Bennett à
